101 (base 2) in base 4?
-11
What is -70 (base 15) in base 14?
-77
Convert b (base 14) to base 8.
13
What is -10 (base 3) in base 7?
-3
What is 0 (base 4) in base 3?
0
-7 (base 16) to base 13
-7
-1 (base 8) to base 13
-1
What is -52 (base 16) in base 9?
-101
What is -21 (base 15) in base 16?
-1f
-7 (base 10) to base 5
-12
0 (base 8) to base 10
0
Convert 0 (base 5) to base 15.
0
Convert 1 (base 14) to base 11.
1
Convert -11 (base 3) to base 14.
-4
What is -111 (base 4) in base 3?
-210
Convert -202 (base 4) to base 9.
-37
What is 2 (base 14) in base 12?
2
What is -1 (base 12) in base 9?
-1
What is -61 (base 12) in base 13?
-58
What is -100 (base 2) in base 9?
-4
-10101 (base 4) to base 13
-180
What is 181 (base 9) in base 6?
414
What is f (base 16) in base 7?
21
12 (base 3) to base 10
5
Convert -31 (base 8) to base 3.
-221
What is -1 (base 4) in base 14?
-1
Convert -9 (base 10) to base 13.
-9
Convert b0 (base 14) to base 3.
12201
-133 (base 11) to base 5
-1112
-22 (base 7) to base 2
-10000
1201 (base 5) to base 11
150
What is 110 (base 3) in base 13?
c
What is -82 (base 9) in base 16?
-4a
Convert -1 (base 5) to base 12.
-1
303 (base 4) to base 8
63
Convert -124 (base 5) to base 12.
-33
Convert -2 (base 14) to base 8.
-2
Convert 12 (base 12) to base 13.
11
10 (base 7) to base 4
13
What is 3 (base 9) in base 11?
3
Convert -2 (base 5) to base 4.
-2
What is 53 (base 14) in base 3?
2201
3 (base 15) to base 12
3
Convert -1 (base 8) to base 16.
-1
-15 (base 6) to base 15
-b
-2e (base 15) to base 16
-2c
What is -12 (base 6) in base 7?
-11
Convert 133 (base 6) to base 15.
3c
Convert 0 (base 15) to base 3.
0
Convert -3 (base 10) to base 16.
-3
-1 (base 4) to base 11
-1
11 (base 7) to base 8
10
What is 100 (base 2) in base 4?
10
Convert 27 (base 13) to base 16.
21
Convert -4 (base 6) to base 9.
-4
What is 14 (base 5) in base 3?
100
-51 (base 10) to base 9
-56
-35 (base 7) to base 10
-26
1 (base 13) to base 5
1
Convert -3 (base 14) to base 15.
-3
Convert -1f (base 16) to base 11.
-29
Convert -33 (base 4) to base 16.
-f
-9 (base 14) to base 3
-100
-1 (base 10) to base 7
-1
Convert -5 (base 7) to base 15.
-5
Convert -13 (base 6) to base 11.
-9
4 (base 7) to base 4
10
Convert 8 (base 12) to base 13.
8
-ea (base 15) to base 14
-11a
Convert 1 (base 5) to base 6.
1
What is 2 (base 16) in base 3?
2
-44 (base 5) to base 7
-33
5 (base 7) to base 16
5
What is 3 (base 4) in base 5?
3
7 (base 10) to base 7
10
What is -2 (base 11) in base 8?
-2
10010110 (base 2) to base 10
150
c (base 14) to base 5
22
Convert 0 (base 6) to base 8.
0
-25 (base 6) to base 15
-12
What is 28 (base 15) in base 2?
100110
Convert 1 (base 9) to base 15.
1
What is -15 (base 7) in base 9?
-13
What is 10 (base 12) in base 2?
1100
2 (base 11) to base 6
2
What is -2 (base 6) in base 8?
-2
-22 (base 4) to base 2
-1010
Convert 24 (base 9) to base 6.
34
Convert 3 (base 8) to base 7.
3
-4 (base 11) to base 3
-11
What is 11 (base 11) in base 6?
20
8 (base 14) to base 2
1000
Convert 0 (base 6) to base 8.
0
Convert 5 (base 12) to base 3.
12
Convert 11d (base 15) to base 6.
1101
What is 8 (base 15) in base 9?
8
Convert 9 (base 16) to base 5.
14
-351 (base 6) to base 10
-139
Convert -100110 (base 2) to base 10.
-38
Convert -106 (base 8) to base 12.
-5a
What is -10 (base 3) in base 14?
-3
What is -c (base 15) in base 16?
-c
Convert 86 (base 10) to base 13.
68
What is 5 (base 10) in base 3?
12
What is -2 (base 10) in base 16?
-2
What is 34 (base 8) in base 3?
1001
Convert d1 (base 16) to base 5.
1314
Convert 101 (base 4) to base 5.
32
Convert -51 (base 10) to base 14.
-39
Convert -c (base 15) to base 10.
-12
3 (base 13) to base 4
3
Convert -1201 (base 4) to base 14.
-6d
What is -50 (base 10) in base 9?
-55
Convert 3 (base 4) to base 3.
10
-13 (base 8) to base 5
-21
-11101 (base 2) to base 6
-45
-38 (base 16) to base 14
-40
Convert -7 (base 12) to base 16.
-7
-1 (base 16) to base 15
-1
Convert -20 (base 12) to base 4.
-120
What is -3 (base 8) in base 4?
-3
Convert 1000 (base 3) to base 14.
1d
-23 (base 6) to base 4
-33
Convert -315 (base 6) to base 12.
-9b
6 (base 9) to base 7
6
What is -2 (base 8) in base 6?
-2
What is 1111 (base 4) in base 10?
85
What is 4 (base 9) in base 4?
10
Convert -103 (base 5) to base 6.
-44
What is -3 (base 4) in base 15?
-3
Convert 1 (base 5) to base 7.
1
Convert 10010001 (base 2) to base 7.
265
Convert e (base 16) to base 11.
13
What is -4 (base 7) in base 10?
-4
123 (base 6) to base 11
47
Convert -1 (base 9) to base 11.
-1
0 (base 3) to base 12
0
-33 (base 4) to base 2
-1111
What is 260 (base 12) in base 3?
111100
What is 5 (base 9) in base 15?
5
What is -52 (base 12) in base 16?
-3e
Convert -6 (base 8) to base 13.
-6
24 (base 15) to base 6
54
2 (base 4) to base 12
2
Convert 1 (base 11) to base 3.
1
Convert 111000 (base 2) to base 3.
2002
What is -213 (base 4) in base 2?
-100111
Convert -2003 (base 5) to base 15.
-11d
-17 (base 13) to base 3
-202
What is c7 (base 13) in base 4?
2203
What is 134 (base 10) in base 4?
2012
Convert 13b (base 15) to base 10.
281
Convert 4b (base 12) to base 15.
3e
100 (base 2) to base 4
10
-56 (base 8) to base 6
-114
What is -111 (base 2) in base 8?
-7
2 (base 14) to base 16
2
-1100 (base 2) to base 10
-12
Convert -84 (base 13) to base 9.
-130
What is 101011 (base 2) in base 7?
61
Convert -10000 (base 2) to base 5.
-31
3 (base 9) to base 6
3
What is -110011 (base 2) in base 8?
-63
-1 (base 12) to base 6
-1
-32 (base 5) to base 9
-18
230 (base 4) to base 14
32
What is -20 (base 3) in base 2?
-110
Convert 2 (base 14) to base 9.
2
4 (base 8) to base 2
100
Convert 2 (base 10) to base 16.
2
-223 (base 6) to base 3
-10020
233 (base 10) to base 4
3221
What is 151 (base 10) in base 9?
177
Convert 2 (base 6) to base 10.
2
What is 26 (base 11) in base 4?
130
Convert 5 (base 12) to base 5.
10
-10 (base 4) to base 6
-4
124 (base 6) to base 16
34
-10010 (base 2) to base 7
-24
-139 (base 11) to base 16
-a3
-12 (base 15) to base 16
-11
10 (base 14) to base 2
1110
-1 (base 3) to base 15
-1
Convert 101 (base 2) to base 11.
5
-15 (base 9) to base 12
-12
-7 (base 9) to base 6
-11
What is -2 (base 4) in base 2?
-10
Convert -18 (base 11) to base 8.
-23
-1 (base 8) to base 13
-1
Convert 3313 (base 4) to base 9.
304
Convert 1 (base 2) to base 4.
1
What is 71 (base 10) in base 5?
241
What is 10 (base 7) in base 16?
7
Convert 4c (base 14) to base 11.
62
3 (base 11) to base 14
3
-54 (base 13) to base 10
-69
Convert 29 (base 13) to base 5.
120
Convert 17 (base 14) to base 6.
33
What is 1 (base 11) in base 13?
1
Convert -200 (base 4) to base 14.
-24
What is 31 (base 16) in base 2?
110001
0 (base 9) to base 3
0
5 (base 11) to base 6
5
Convert 4 (base 5) to base 8.
4
Convert -1 (base 6) to base 5.
-1
-d (base 14) to base 13
-10
What is 2 (base 7) in base 4?
2
-20 (base 6) to base 3
-110
What is -1113 (base 4) in base 11?
-7a
Convert 21 (base 4) to base 3.
100
Convert -14 (base 11) to base 13.
-12
Convert -3 (base 5) to base 2.
-11
-2 (base 14) to base 15
-2
5 (base 15) to base 3
12
Convert 1 (base 13) to base 8.
1
3 (base 9) to base 5
3
Convert 2e (base 16) to base 10.
46
-2 (base 12) to base 2
-10
What is -11 (base 4) in base 16?
-5
What is 0 (base 4) in base 7?
0
Convert 19 (base 13) to base 8.
26
0 (base 2) to base 7
0
Convert -42 (base 7) to base 11.
-28
What is 1 (base 11) in base 6?
1
-10000100 (base 2) to base 12
-b0
Convert -42 (base 5) to base 4.
-112
Convert 5 (base 13) to base 11.
5
What is -97 (base 12) in base 4?
-1303
What is -3 (base 13) in base 12?
-3
What is 8 (base 12) in base 4?
20
Convert -53 (base 14) to base 11.
-67
Convert -50 (base 16) to base 6.
-212
What is 0 (base 14) in base 3?
0
Convert 10 (base 16) to base 11.
15
Convert b (base 16) to base 5.
21
What is -9 (base 14) in base 3?
-100
-1110 (base 2) to base 9
-15
What is 134 (base 6) in base 5?
213
Convert 1 (base 13) to base 16.
1
Convert 21 (base 7) to base 10.
15
What is 1111 (base 2) in base 9?
16
Convert -90 (base 12) to base 3.
-11000
0 (base 16) to base 13
0
-220 (base 8) to base 7
-264
What is 32 (base 11) in base 14?
27
Convert 22 (base 10) to base 9.
24
Convert 3 (base 15) to base 16.
3
341 (base 6) to base 8
205
Convert 95 (base 12) to base 7.
221
What is -231 (base 5) in base 13?
-51
Conve